 = 4*y. List the prime factors of d.
5, 7, 19
Let v(m) = -153*m + 75*m - 10 + 77*m. Let c be v(-3). Let j(g) = 2*g**2 + 8*g + 2. List the prime factors of j(c).
2, 11
What are the prime factors of 13238*4/7*(-7)/(-2)?
2, 6619
Let b be 36/(-6) - -15 - -6. Suppose 5*s - 2*y = 327, -s + 14*y = b*y - 71. What are the prime factors of s?
67
Let n be 562*((-3)/12 - 9/(-12)). Let p = 975 + n. List the prime factors of p.
2, 157
Let g = 54 + -56. Let b be 7/(63/g) + (-1660)/(-18). Let t = -36 + b. List the prime factors of t.
2, 7
Suppose r + 36 = 3*r. List the prime factors of (-1315)/(-2)*r/45.
263
Let y(p) = -741*p**3 + 32*p**2 + 88*p - 95. List the prime factors of y(-4).
13, 281
Suppose -t + 12176 = -8*k + 12*k, 5*k - 15209 = -4*t. Suppose k = 3*p + 3*g, p = -0*p + 4*g + 1005. List the prime factors of p.
1013
Suppose 0 = v - 0*m - 3*m - 93, -v + 75 = 3*m. Let p = v + -82. List the prime factors of p*3/(-4) + 430/4.
2, 53
Let x(s) = -523*s + 582. What are the prime factors of x(-15)?
3, 53
Suppose -4*a - 18 = -l - 2*l, -5*a = -l + 6. Suppose -l*z = 1 - 67. List the prime factors of z.
11
Suppose -102 - 50 = -8*i. Suppose 22*d + i*d - 37515 = 0. What are the prime factors of d?
3, 5, 61
Suppose -733*s - 132776 = -747*s. List the prime factors of s.
2, 2371
Let g be -4 + (11 - -1) - 4. Suppose -4*s - g = -2*f - 2*f, f - 19 = -5*s. Suppose s*a = a + 18. List the prime factors of a.
3
Let c(l) = 3341*l**2 + 11*l + 14. What are the prime factors of c(2)?
2, 5, 67
List the prime factors of (-3 - -1)*231520/(-64).
5, 1447
Let y(j) = j**3 - 50*j**2 - 16*j - 549. List the prime factors of y(53).
2, 5, 19, 37
Let b(w) = 2*w**3 - 10*w**2 - 7*w - 11. Let l(x) = x**2 - 4*x + 8. Let q be l(4). List the prime factors of b(q).
317
Let b(i) be the second derivative of -7*i**3/6 - 7*i**2/2 - 11*i. Let c be b(4). Let g = c + 91. What are the prime factors of g?
2, 7
Let s(x) = 14*x**2 - 8*x - 1. Let i(o) = -2*o + 4. Let f be i(4). What are the prime factors of s(f)?
3, 5, 17
Suppose -3*j = 8*r - 6*r - 15, -25 = -5*j. Suppose 5*w + r*x - 7884 = x, 0 = -3*w - x + 4724. What are the prime factors of w?
2, 197
Let c(v) = 39*v + 14. Let g be 2/(5/6*12/15). What are the prime factors of c(g)?
131
Suppose -m = -2*l - 12900, 4*m - 40506 = -3*l + 11039. List the prime factors of m.
2, 5, 1289
Let o(z) be the first derivative of 2*z**2 + 119*z + 57. List the prime factors of o(-25).
19
Suppose -2*p + 4*q = -7*p + 331, 4*q = 16. Let w(a) = 2*a**2 + 4*a + 2. Let y be w(-3). Let t = p + y. List the prime factors of t.
71
Suppose 2*w + 9803 = p, 5*p + 307*w - 49023 = 309*w. What are the prime factors of p?
5, 37, 53
Let c = -51 - 190. Suppose 3*d = -606 + 2055. Let g = c + d. List the prime factors of g.
2, 11
Let j(i) = -657*i - 10272. What are the prime factors of j(-16)?
2, 3, 5
Suppose 5*u - 2 + 17 = 0, 3*u - 1816 = -5*b. Let g = b - 274. What are the prime factors of g?
7, 13
Let b = 109 - -372. Suppose -b = -8*x + 319. What are the prime factors of x?
2, 5
Suppose 2*l - 1758 = 430. Let r = l - 416. List the prime factors of r.
2, 3, 113
Let f be -6 + 8 + 1*5. Suppose 4*i = -f*i + 1056. List the prime factors of i.
2, 3
Let r = 75454 + -30135. What are the prime factors of r?
45319
Suppose -212*i - 3000 = -224*i. What are the prime factors of 385/(-110)*i*-1?
5, 7
List the prime factors of (-5)/(2/(-49914)*9).
5, 47, 59
Suppose -75*n + 79488 = -59*n. What are the prime factors of n?
2, 3, 23
Let b = -75585 + 130735. What are the prime factors of b?
2, 5, 1103
Suppose 94*a + 2926 = 3*u + 95*a, 0 = -5*u - a + 4876. List the prime factors of u.
3, 5, 13
Let x = -13881 - -14479. List the prime factors of x.
2, 13, 23
Let v(n) be the second derivative of n**2 + 1/4*n**4 + 1/2*n**5 + 23*n + 0 - 2/3*n**3. List the prime factors of v(2).
2, 43
Suppose 9*q - 36859 - 12410 = 26115. What are the prime factors of q?
2, 3, 349
Let d(y) = -3*y**3 - 46*y**2 + 20*y + 118. What are the prime factors of d(-36)?
2, 5, 11, 29
Suppose 1430 = -5*n - 0*n. Let k(g) = 59*g + 1880. Let i be k(-39). Let r = n - i. What are the prime factors of r?
3, 5
Let b = -52 + -673. Let o = -316 - b. Let i = o + -246. What are the prime factors of i?
163
Let h = -16 - -42. Suppose 21*n - h*n - 95 = 0. Let f = 149 + n. List the prime factors of f.
2, 5, 13
Let d(v) = 40*v**2 - 65*v - 391. List the prime factors of d(23).
2, 23, 419
Let c(p) = -p**2 + 4*p + 2. Let k be c(-1). Let f(u) = -u**2 - 10*u + 1. Let b be f(k). Suppose b - 215 = -y. List the prime factors of y.
193
What are the prime factors of 843900/42 - (-126)/(-147)?
2, 5023
Let j = -506 + 1271. Let t = j + -455. List the prime factors of t.
2, 5, 31
Let a = 105 + -102. Suppose 1568 = 4*z + a*f, 5*f = 4*z - 0*f - 1600. What are the prime factors of z?
5, 79
Let i(o) = -10*o + 364. Let m be i(40). What are the prime factors of 59970/48 - m/(-96)?
1249
Let f(y) be the third derivative of 11*y**4/12 - 2*y**3/3 + 28*y**2. Let r be f(2). Let d = -24 + r. List the prime factors of d.
2
Let s(y) = 43*y - 32. What are the prime factors of s(86)?
2, 3, 13, 47
Let i(r) = -r**3 - 23*r**2 + 168*r - 104. List the prime factors of i(-32).
2, 467
Let w = 150 + -159. List the prime factors of (3/w)/(15/(-12645)).
281
Suppose -2*i = -4*k - 101478, 2*i = -9*k + 67064 + 34310. List the prime factors of i.
50723
Let k(z) = 4*z - 665. Let t be k(0). Let q = -402 - t. What are the prime factors of q?
263
Let p be 306/(-119)*(-34 + -1). Let k be (-1)/4 + (-309)/(-4). Suppose -j + p = -k. List the prime factors of j.
167
Suppose 4*f + t - 2792 = -0*f, 4*f - 5*t - 2816 = 0. Suppose -4872 = -9*p + f. List the prime factors of p.
619
List the prime factors of (2067/65)/(12/4820).
53, 241
Let f(b) be the first derivative of -b**7/840 + b**6/45 - b**5/15 - 5*b**3/3 - 20. Let j(n) be the third derivative of f(n). List the prime factors of j(6).
2, 3
Let h(w) = -35*w**3 - 11*w - 11. What are the prime factors of h(-5)?
3, 491
Let k(r) be the third derivative of r**6/8 + r**5/60 + r**4/4 - 8*r**3/3 + 105*r**2. List the prime factors of k(3).
2, 13
Let x(h) = 3*h**2 - 5*h + 3. Let v be x(-3). Suppose 6*s - v = -39. What are the prime factors of ((-687)/12 + s)/((-3)/8)?
2, 3, 5
Let w = 2179 - 650. Suppose w + 4231 = 8*i. List the prime factors of i.
2, 3, 5
Let t = -176 - -114. Let o = t - -67. List the prime factors of 385/o*(3 - 1).
2, 7, 11
Let p be (1/(15/(-18)))/(8/(-40)). Let c be (20/15)/((-2)/(-3)). List the prime factors of c/p - 1881/(-27).
2, 5, 7
Let x(q) = 103*q**2 - 7*q - 132. What are the prime factors of x(9)?
2, 3, 7, 97
Suppose 4459 = 14*x - 9510 - 76079. What are the prime factors of x?
2, 3, 67
Suppose -6*l = -z - 3*l + 13, 0 = 5*z + 4*l - 8. Suppose 3*o - 2 = 2*n - 0, z*n - 6 = o. What are the prime factors of o?
2
Let w(a) = 2343*a**3 - 3*a**2 - 2*a + 5. What are the prime factors of w(1)?
3, 11, 71
Let u be -2 + (1/2 - 18621/6). Let o = -2133 - u. List the prime factors of o.
2, 3
Suppose -a + 57*k + 54691 = 62*k, 17*a - 3*k = 929131. List the prime factors of a.
2, 7, 61
Let a(j) = 11*j**2 - 3. Let x be a(-2). Suppose 38*d = x*d - 201. List the prime factors of d.
67
Suppose -6*p + p + 10 = 4*k, -4*k = -p + 2. Suppose k = -161*c + 157*c + 4656. What are the prime factors of c?
2, 3, 97
Suppose -20 = 4*t, -2*z - 5*t + 191 = -9958. List the prime factors of z.
5087
Let f be ((-35)/20)/(-7) + 119/4. Suppose 24*s = f*s - 2160. List the prime factors of s.
2, 3, 5
Let a(y) = 1084*y**3 + 3*y**2 - 13*y + 13. List the prime factors of a(2).
13, 23, 29
Let p = -51026 - -95497. What are the prime factors of p?
7, 6353
Let f be ((-30)/27)/(29/(-261)). Suppose 2*w + 2*x - 1962 = 0, -f*w + 2*x - 2944 = -13*w. List the prime factors of w.
2, 491
Suppose 5*l = 2*k - 11104, 5*l - 6681 - 26511 = -6*k. What are the prime factors of k?
7, 113
Let n be (-13227)/(-11) - (-120)/220. Suppose -6*b = -7*b + 3*v + n, -2*b + 2410 = -5*v. What are the prime factors of b?
3, 5
Suppose -44*j = 20*j - 2216316 - 444676. What are the prime factors of j?
2, 20789
Let o be (-20)/(-90) - 58/18. Let z(m) = -m**2 + 7*m + 6. Let y be z(8). What are the prime factors of 3 - 0 - (24/o - y)?
3
Let o be (10/(-6))/((-39)/117). Suppose 2*k + 4*b = 6 - 2, -k + 2 = 3*b. Suppose k*n = -n - 6, 167 = 3*t 